 of c and f.
6
Let b(z) = 29*z - 746. Let w be b(43). Calculate the highest common divisor of 3 and w.
3
Suppose 3*c = -4*j + 1 - 5, -j - 5*c = 18. Suppose 4*a - j*y - 37 = 31, 4*y = -3*a + 62. Let s = a + -14. Calculate the highest common divisor of s and 4.
4
Suppose -2*o = -4*a + a - 20, -2*a = 8. Suppose -5*k = -6 - 44. Calculate the highest common divisor of o and k.
2
Let n(q) = q**2 + 7*q + 10. Let a be n(7). Suppose 36*h = 34*h + a. What is the highest common divisor of 36 and h?
18
Suppose 10*u - 12*u + 34 = 0. Calculate the greatest common divisor of u and 459.
17
Let p = 56 - -6. Suppose 2*i = -0*i + 88. Let y = p - i. What is the highest common divisor of y and 90?
18
Suppose -2*s + 4*m = -20, 3*s - 4 = -3*m - 1. Suppose -16 = -s*q - 0*q. What is the greatest common divisor of q and 16?
4
Let a(n) = -17*n + 11*n + 8*n. Let l be a(1). Suppose 4*m = -p + 19, -m + l*p = 4*p - 3. Calculate the greatest common factor of m and 25.
5
Let m = 182 - 70. Let j = -42 + m. What is the highest common factor of j and 10?
10
Suppose 118*u + 310 = 128*u. Calculate the highest common factor of u and 2418.
31
Suppose 0 = i + m - 2*m - 60, 4 = m. Let h = -607 + 615. Calculate the highest common divisor of h and i.
8
Let u(h) = 2*h**3 - 2*h. Suppose 16 = 10*i - 24. Let q be u(i). Let x = 110 - 62. Calculate the highest common divisor of q and x.
24
Let p = 55 - 26. Suppose -5*r - 3*x - 68 = 0, 2*r + 4*x + 45 - 15 = 0. Let d = r + 42. What is the greatest common factor of d and p?
29
Suppose -7 = r - 4. Let x be (-3)/r - 3/(-1). Suppose 193*i - 205*i = -96. Calculate the greatest common factor of x and i.
4
Suppose 2*z - 8 = -4*g, -2*g - 20 = -5*g - 5*z. Let m be (-1 + g/4)*23. Let b be -1 - m - (-6)/(-3). What is the greatest common factor of 10 and b?
10
Let m(o) = o**3 + 10*o**2 + 10*o + 13. Suppose -4*s = -10*b + 9*b + 36, -4*s + 4*b - 36 = 0. Let a be m(s). Calculate the highest common factor of a and 44.
4
Let h(f) = -f - 16. Let v be h(6). Let w = 24 - -13. Let k = v + w. What is the greatest common factor of k and 6?
3
Suppose -k + 27 = -13. Suppose 4*a - 9*a + 500 = 0. Calculate the highest common factor of a and k.
20
Let v = -43 - -78. Suppose -6910 + 7015 = 3*z. Calculate the highest common factor of v and z.
35
Let a(n) = n - 7. Let x be a(5). Let j be x*(2 - (-76)/(-8)). Calculate the highest common factor of 3 and j.
3
Suppose 5*l - 22 + 2 = 0. Suppose -u = 3*m - 0*m, -5*u + l*m = -19. What is the greatest common divisor of 1 and u?
1
Let t be (681/2)/(18/24). Let o = 5 + 1. Suppose 4*m + 3*g - t = 0, 0 = g + 2*g - o. Calculate the highest common factor of 16 and m.
16
Suppose -20*u = -17*u - 21. What is the greatest common factor of u and 10?
1
Suppose 8 = n + 3*n. Let v(k) = k + 3. Let l be v(-3). Suppose 5*t - 13 - 17 = l. Calculate the greatest common factor of t and n.
2
Let x(y) = -y + 17. Let t(j) = -2*j + 18. Let a(n) = -4*t(n) + 6*x(n). Let v be a(-13). Calculate the highest common factor of v and 6.
2
Let b(v) = 2*v**2 - 9*v - 2. Let n be b(8). Suppose n = 5*w - 56. What is the greatest common divisor of w and 154?
22
Let j(z) be the second derivative of z**4/12 - 5*z**3/6 - 2*z**2 - 12*z. Let f be j(10). Calculate the highest common factor of 115 and f.
23
Let v(j) = j**3 + 2*j**2 + j + 4. Let l be v(-3). Let u = 7 - l. Let k be 105 - 0/((-4)/2). Calculate the greatest common factor of u and k.
15
Let n = -67 + 124. Let h = 67 - n. Calculate the highest common factor of h and 10.
10
Let f = -331 + 581. What is the greatest common factor of 100 and f?
50
Let w(b) = 8 - 16 + b**2 + 6*b + 14. Let n be w(-6). Suppose -2*v - 132 = -4*v. Calculate the greatest common factor of v and n.
6
Let j(h) = 1. Let v(k) = k + 9. Suppose 2*f - 10 = -3*f. Let n(d) = f*j(d) + v(d). Let g be n(5). Calculate the highest common factor of g and 32.
16
Let j(k) = 2*k + 29. Let q be j(-13). Suppose q*x - 158 - 271 = 0. What is the highest common factor of x and 13?
13
Let s be (1 - -1)*(-2 - -1 - 2). Let h = 4 - s. What is the greatest common divisor of 130 and h?
10
Suppose 4*q - 4 = -3*m, m + 3 = 5*q - 2. Let u = 1 + m. Let n be (-4)/u*(1 - 11). Calculate the greatest common factor of 5 and n.
5
Suppose -3*s + 71 = -1. Suppose 3*f - 1265 = -1247. What is the highest common divisor of f and s?
6
Let r(i) = 287*i - 1. Let c be r(1). What is the highest common factor of c and 11?
11
Suppose -4*q = 2*g + 6, 0*g + 12 = 4*g + 2*q. Let c = 151 + -96. Calculate the highest common factor of c and g.
5
Let c be (45/(-90))/(2/37)*-4. Calculate the greatest common divisor of c and 1813.
37
Let n be (-2)/(-3)*(-1428)/(-8). Let m = -6 + 6. Suppose 2*a - 6 - 28 = m. Calculate the highest common factor of n and a.
17
Let i(d) = -7*d + 36. Let w be i(-4). Calculate the greatest common divisor of 20 and w.
4
Suppose 0 = -75*a + 78*a - 5*g - 557, -4*a - 5*g + 731 = 0. What is the greatest common factor of 8 and a?
8
Suppose a - 28 = -2*b, -a = 5*b + 2*a - 68. Let u be ((-180)/b)/((-18)/8 - -2). Calculate the highest common divisor of 18 and u.
9
Let g = 396 - 251. Suppose -21*l + 18*l = -174. What is the greatest common factor of g and l?
29
Suppose 0 = 3*h - 2*t + 6 - 100, h - 26 = -2*t. Suppose 4*u + 16 = -i - 6, 3*u = 2*i - 22. Let l = h + u. What is the highest common divisor of 6 and l?
6
Let k(i) be the first derivative of -i**4/4 - 10*i**3/3 + 12*i**2 + 2*i + 11. Let l be k(-12). What is the greatest common divisor of 11 and l?
1
Let k be (-5700)/(-200)*22/3. What is the greatest common factor of k and 33?
11
Suppose -23*i - 6*i = -1363. Calculate the greatest common factor of i and 47.
47
Suppose -f - 596 = -3*p, -17*p + 15*p + 386 = 5*f. Calculate the greatest common divisor of 6 and p.
6
Let b be (-12)/54 + 1916/36. What is the highest common divisor of b and 1?
1
Let i be 7 - (1 - (4 + 10)). Calculate the highest common divisor of 20 and i.
20
Let g be (-570)/(-186) - 4/62. Calculate the greatest common divisor of 6 and g.
3
Suppose -4*c - 2767 = -5*k, -10*k + 11*k = c + 553. What is the greatest common factor of 15 and k?
15
Let g(t) = -4*t**2 - 4*t - 9. Let l be g(8). Let x = l - -489. Suppose 5*r - r = x. What is the greatest common factor of 6 and r?
6
Suppose 0 = 5*y - n - 38, 9*y = 5*y - 4*n + 40. What is the greatest common factor of 14 and y?
2
Suppose -3*o + 4*f = -6417 - 2072, -4*o + 11360 = 5*f. What is the greatest common divisor of 105 and o?
105
Let w(d) = 21*d**2 - 5*d. Let n(j) = -4*j**2 + j. Let m(k) = -11*n(k) - 2*w(k). Let u be m(-6). Calculate the highest common divisor of u and 26.
26
Let g(i) = -i - 36. Let q be g(-17). Let t = q - -38. What is the greatest common divisor of t and 57?
19
Suppose 2*w = -2*w + 8. Let h = 250 - 230. Calculate the greatest common factor of w and h.
2
Suppose 0 = -4*k - q - 155, -q - 116 = 3*k - 0*q. Let l = k - -53. Calculate the highest common divisor of 14 and l.
14
Let f(a) = -48*a + 702. Let y be f(12). Calculate the greatest common factor of 2016 and y.
126
Let n(c) = 3*c + 45. Let h be n(-15). Suppose h = -11*f + 6*f + 420. What is the highest common divisor of f and 42?
42
Suppose -114 = -29*f + 234. What is the highest common factor of f and 66?
6
Let y be (-28)/(-5)*280/16. Let i = -23 + y. Let q be 30 + 0/(2/1). What is the highest common factor of i and q?
15
Let p be ((-40)/6)/(2/(-6)). Let c(u) = -u**3 + 76*u**2 + 158*u - 154. Let g be c(78). Calculate the highest common factor of g and p.
2
Let s be (-12)/(-15) + 155/25. Suppose 4*b + 3*z - 7*z = 260, 0 = 2*z + 4. Calculate the greatest common divisor of s and b.
7
Suppose 5*k - 40 = -h, -4*h - h - 5*k = -120. Let i be (56/h)/(-1*4/(-40)). What is the highest common factor of 14 and i?
14
Let f = 10 + 20. Suppose 833 = 24*s - 127. What is the greatest common factor of f and s?
10
Let y be 1*((-3 - -1) + 843). Let p = 1505 - y. Let j be 1/(-3 + p/220). Calculate the highest common factor of j and 11.
11
Suppose 432*b - 64 = 424*b. Let t(q) = 65*q**2 - 2*q + 1. Let o be t(1). What is the highest common divisor of b and o?
8
Suppose 4*z + 5*k - 160 = -67, -2*k + 27 = z. Suppose t + 0 = 17. Calculate the greatest common factor of z and t.
17
Let d(a) = -2*a + 30. Let w be d(-4). What is the greatest common factor of 266 and w?
38
Suppose -2*